ctors of 899952.
2, 3, 18749
What are the prime factors of 629820?
2, 3, 5, 3499
List the prime factors of 271557.
3, 11, 13, 211
List the prime factors of 331323.
3, 110441
List the prime factors of 313633.
17, 19, 971
What are the prime factors of 20810?
2, 5, 2081
List the prime factors of 2930183.
997, 2939
What are the prime factors of 380079?
3, 7, 2011
List the prime factors of 532006.
2, 266003
List the prime factors of 345161.
23, 43, 349
List the prime factors of 7923355.
5, 11, 144061
List the prime factors of 10074597.
3, 13, 31, 641
What are the prime factors of 6387687?
3, 359, 659
List the prime factors of 390369.
3, 7, 29, 641
List the prime factors of 10104674.
2, 5052337
List the prime factors of 3098487.
3, 7, 147547
What are the prime factors of 420430?
2, 5, 42043
What are the prime factors of 37833?
3, 12611
What are the prime factors of 839484?
2, 3, 2591
List the prime factors of 1453734.
2, 3, 26921
What are the prime factors of 770773?
19, 113, 359
List the prime factors of 22903027.
7, 3271861
List the prime factors of 5110822.
2, 229, 11159
List the prime factors of 1661900.
2, 5, 16619
What are the prime factors of 27609561?
3, 7, 31, 67, 211
What are the prime factors of 980623?
7, 31, 4519
What are the prime factors of 1116453?
3, 13, 28627
List the prime factors of 181763.
181763
List the prime factors of 7037.
31, 227
List the prime factors of 225229.
79, 2851
What are the prime factors of 590803?
197, 2999
What are the prime factors of 251841?
3, 127, 661
List the prime factors of 45910.
2, 5, 4591
What are the prime factors of 1178085?
3, 5, 78539
What are the prime factors of 821383?
821383
List the prime factors of 29111253.
3, 233, 41647
List the prime factors of 262972.
2, 29, 2267
List the prime factors of 9917.
47, 211
What are the prime factors of 381344?
2, 17, 701
List the prime factors of 245775.
3, 5, 29, 113
What are the prime factors of 259560?
2, 3, 5, 7, 103
List the prime factors of 25711132.
2, 6427783
List the prime factors of 960321.
3, 320107
What are the prime factors of 101383?
101383
List the prime factors of 881437.
881437
List the prime factors of 17078.
2, 8539
List the prime factors of 8914506.
2, 3, 1485751
What are the prime factors of 3397784?
2, 13, 37, 883
List the prime factors of 15405600.
2, 3, 5, 7, 131
List the prime factors of 212113.
11, 1753
What are the prime factors of 28409955?
3, 5, 7, 38653
List the prime factors of 357992.
2, 73, 613
List the prime factors of 606030.
2, 3, 5, 20201
What are the prime factors of 5285366?
2, 29, 91127
List the prime factors of 4514558.
2, 1091, 2069
What are the prime factors of 96017?
96017
List the prime factors of 193323.
3, 13, 4957
List the prime factors of 250795.
5, 50159
List the prime factors of 827726.
2, 413863
What are the prime factors of 911924?
2, 13, 19, 71
List the prime factors of 7787914.
2, 3893957
What are the prime factors of 21768783?
3, 7256261
List the prime factors of 456604.
2, 211, 541
List the prime factors of 4135618.
2, 199, 10391
What are the prime factors of 4500146?
2, 7, 31, 10369
List the prime factors of 416512.
2, 1627
List the prime factors of 1053258.
2, 3, 175543
List the prime factors of 122578.
2, 167, 367
What are the prime factors of 3981503?
3981503
List the prime factors of 464172.
2, 3, 47, 823
List the prime factors of 260862.
2, 3, 7, 6211
What are the prime factors of 45804248?
2, 7, 817933
What are the prime factors of 75530?
2, 5, 7, 13, 83
What are the prime factors of 2670434?
2, 13, 271, 379
List the prime factors of 518929.
317, 1637
List the prime factors of 50438.
2, 25219
List the prime factors of 228152.
2, 19, 79
What are the prime factors of 2126322?
2, 3, 11, 10739
What are the prime factors of 319245?
3, 5, 21283
List the prime factors of 2293605.
3, 5, 50969
List the prime factors of 179372.
2, 44843
What are the prime factors of 1549296?
2, 3, 7, 29, 53
What are the prime factors of 5948837?
47, 2693
List the prime factors of 204618.
2, 3, 67, 509
List the prime factors of 393327.
3, 11, 29, 137
List the prime factors of 5193600.
2, 3, 5, 541
What are the prime factors of 470244?
2, 3, 149, 263
List the prime factors of 326797.
173, 1889
What are the prime factors of 260666?
2, 7, 43, 433
List the prime factors of 2129785.
5, 7, 8693
List the prime factors of 7747963.
7747963
List the prime factors of 9774946.
2, 1567, 3119
List the prime factors of 1138480.
2, 5, 7, 19, 107
List the prime factors of 167459.
151, 1109
List the prime factors of 761193.
3, 83, 1019
List the prime factors of 401114.
2, 7, 4093
What are the prime factors of 1129777?
11, 9337
List the prime factors of 1081744.
2, 17, 41, 97
What are the prime factors of 257773?
19, 13567
List the prime factors of 218557.
19, 11503
What are the prime factors of 4143257?
17, 251, 971
List the prime factors of 3217685.
5, 397, 1621
List the prime factors of 1917487.
11, 13, 23, 53
List the prime factors of 2987427.
3, 17, 19, 3083
List the prime factors of 71137.
11, 29, 223
List the prime factors of 5356128.
2, 3, 55793
List the prime factors of 265760.
2, 5, 11, 151
What are the prime factors of 3032088?
2, 3, 126337
What are the prime factors of 16109790?
2, 3, 5, 29, 18517
What are the prime factors of 263082?
2, 3, 163, 269
List the prime factors of 519162.
2, 3, 7, 47, 263
List the prime factors of 460422.
2, 3, 25579
List the prime factors of 2763024.
2, 3, 11, 5233
List the prime factors of 22022516.
2, 89, 61861
What are the prime factors of 24517016?
2, 41, 74747
What are the prime factors of 21760304?
2, 839, 1621
List the prime factors of 3008838.
2, 3, 7, 71, 1009
What are the prime factors of 147100?
2, 5, 1471
List the prime factors of 1163599.
17, 68447
List the prime factors of 2098179.
3, 29, 8039
List the prime factors of 10614430.
2, 5, 311, 3413
What are the prime factors of 742564?
2, 185641
List the prime factors of 134219.
134219
What are the prime factors of 2962728?
2, 3, 41149
List the prime factors of 2937.
3, 11, 89
List the prime factors of 31443.
3, 47, 223
What are the prime factors of 470006?
2, 235003
List the prime factors of 6168360.
2, 3, 5, 11, 4673
What are the prime factors of 1899546?
2, 3, 11, 17, 1693
List the prime factors of 445782.
2, 3, 74297
What are the prime factors of 6009073?
7, 19, 45181
What are the prime factors of 143892?
2, 3, 7, 571
What are the prime factors of 1250663?
167, 7489
What are the prime factors of 3003927?
3, 163, 6143
List the prime factors of 7303.
67, 109
List the prime factors of 468962.
2, 13, 17, 1061
What are the prime factors of 2298484?
2, 574621
What are the prime factors of 889141?
11, 80831
List the prime factors of 1371320.
2, 5, 34283
What are the prime factors of 10211149?
13, 23, 37, 71
What are the prime factors of 27816232?
2, 1453, 2393
List the prime factors of 209116.
2, 23, 2273
List the prime factors of 180212.
2, 45053
What are the prime factors of 134824?
2, 19, 887
What are the prime factors of 6576533?
29, 226777
List the prime factors of 10711568.
2, 7, 59, 1621
What are the prime factors of 26237476?
2, 6559369
What are the prime factors of 748158?
2, 3, 124693
List the prime factors of 1293810.
2, 3, 5, 7, 61, 101
List the prime factors of 469900.
2, 5, 37, 127
What are the prime factors of 7178112?
2, 3, 31, 67
What are the prime factors of 48804?
2, 3, 7, 83
List the prime factors of 84677.
17, 293
List the prime factors of 4892807.
293, 16699
What are the prime factors of 14268225?
3, 5, 190243
What are the prime factors of 72559?
72559
What are the prime factors of 8465342?
2, 1319, 3209
List the prime factors of 3377003.
7, 19, 25391
List the prime factors of 2690533.
19, 29, 257
What are the prime factors of 2551157?
7, 364451
List the prime factors of 1153791.
3, 151, 283
List the prime factors of 21965143.
31, 233, 3041
List the prime factors of 11005902.
2, 3, 17, 19, 631
List the prime factors of 515049.
3, 17, 10099
What are the prime factors of 1402946?
2, 701473
List the prime factors of 6248875.
5, 49991
What are the prime factors of 2691937?
41, 65657
What are the prime factors of 5058419?
5058419
List the prime factors of 1473423.
3, 7, 70163
List the prime factors of 280255.
5, 23, 2437
